{"id":1095,"date":"2024-05-15T20:28:06","date_gmt":"2024-05-15T18:28:06","guid":{"rendered":"https:\/\/comercializadoramax.com.mx\/?post_type=product&#038;p=1095"},"modified":"2024-05-15T20:28:07","modified_gmt":"2024-05-15T18:28:07","slug":"bobina","status":"publish","type":"product","link":"https:\/\/comercializadoramax.com.mx\/index.php\/producto\/bobina\/","title":{"rendered":"Bobina"},"content":{"rendered":"<p>La bobina de papel higi\u00e9nico asegura una duraci\u00f3n prolongada reduciendo la frecuencia de reposici\u00f3n. Ideal para oficinas, restaurantes, hoteles y cualquier establecimiento que busque eficiencia.y calidad.<\/p>\n","protected":false},"excerpt":{"rendered":"<p>La bobina de papel higi\u00e9nico asegura una duraci\u00f3n prolongada reduciendo la frecuencia de reposici\u00f3n. Ideal para oficinas, restaurantes, hoteles y cualquier establecimiento que busque eficiencia.y calidad.<\/p>\n","protected":false},"featured_media":900,"comment_status":"open","ping_status":"closed","template":"","meta":{"om_disable_all_campaigns":false,"_monsterinsights_skip_tracking":false,"_monsterinsights_sitenote_active":false,"_monsterinsights_sitenote_note":"","_monsterinsights_sitenote_category":0,"_uf_show_specific_survey":0,"_uf_disable_surveys":false,"_joinchat":[]},"product_cat":[155,154,63],"product_tag":[118,175],"aioseo_notices":[],"_links":{"self":[{"href":"https:\/\/comercializadoramax.com.mx\/index.php\/wp-json\/wp\/v2\/product\/1095"}],"collection":[{"href":"https:\/\/comercializadoramax.com.mx\/index.php\/wp-json\/wp\/v2\/product"}],"about":[{"href":"https:\/\/comercializadoramax.com.mx\/index.php\/wp-json\/wp\/v2\/types\/product"}],"replies":[{"embeddable":true,"href":"https:\/\/comercializadoramax.com.mx\/index.php\/wp-json\/wp\/v2\/comments?post=1095"}],"wp:featuredmedia":[{"embeddable":true,"href":"https:\/\/comercializadoramax.com.mx\/index.php\/wp-json\/wp\/v2\/media\/900"}],"wp:attachment":[{"href":"https:\/\/comercializadoramax.com.mx\/index.php\/wp-json\/wp\/v2\/media?parent=1095"}],"wp:term":[{"taxonomy":"product_cat","embeddable":true,"href":"https:\/\/comercializadoramax.com.mx\/index.php\/wp-json\/wp\/v2\/product_cat?post=1095"},{"taxonomy":"product_tag","embeddable":true,"href":"https:\/\/comercializadoramax.com.mx\/index.php\/wp-json\/wp\/v2\/product_tag?post=1095"}],"curies":[{"name":"wp","href":"https:\/\/api.w.org\/{rel}","templated":true}]}}