{"id":1135,"date":"2024-07-08T23:16:46","date_gmt":"2024-07-08T21:16:46","guid":{"rendered":"https:\/\/comercializadoramax.com.mx\/?post_type=product&#038;p=1135"},"modified":"2024-07-08T23:16:46","modified_gmt":"2024-07-08T21:16:46","slug":"escoba-palma-grande","status":"publish","type":"product","link":"https:\/\/comercializadoramax.com.mx\/index.php\/producto\/escoba-palma-grande\/","title":{"rendered":"Escoba Palma Grande"},"content":{"rendered":"<p>Gracias a su material de PVC y sus puntas cardadas, proporciona un mejor y m\u00e1s f\u00e1cil barrido, ideal para polvo, basuras grandes o incluso \u00e1reas con l\u00edquidos como banquetas.<\/p>\n<p>Los colores pueden llegar a variar.<\/p>\n","protected":false},"excerpt":{"rendered":"<p>Gracias a su material de PVC y sus puntas cardadas, proporciona un mejor y m\u00e1s f\u00e1cil barrido, ideal para polvo, basuras grandes o incluso \u00e1reas con l\u00edquidos como banquetas.<\/p>\n<p>Los colores pueden llegar a variar.<\/p>\n","protected":false},"featured_media":1126,"comment_status":"open","ping_status":"closed","template":"","meta":{"om_disable_all_campaigns":false,"_monsterinsights_skip_tracking":false,"_monsterinsights_sitenote_active":false,"_monsterinsights_sitenote_note":"","_monsterinsights_sitenote_category":0,"_uf_show_specific_survey":0,"_uf_disable_surveys":false,"_joinchat":[]},"product_cat":[147,62],"product_tag":[211,212],"aioseo_notices":[],"_links":{"self":[{"href":"https:\/\/comercializadoramax.com.mx\/index.php\/wp-json\/wp\/v2\/product\/1135"}],"collection":[{"href":"https:\/\/comercializadoramax.com.mx\/index.php\/wp-json\/wp\/v2\/product"}],"about":[{"href":"https:\/\/comercializadoramax.com.mx\/index.php\/wp-json\/wp\/v2\/types\/product"}],"replies":[{"embeddable":true,"href":"https:\/\/comercializadoramax.com.mx\/index.php\/wp-json\/wp\/v2\/comments?post=1135"}],"wp:featuredmedia":[{"embeddable":true,"href":"https:\/\/comercializadoramax.com.mx\/index.php\/wp-json\/wp\/v2\/media\/1126"}],"wp:attachment":[{"href":"https:\/\/comercializadoramax.com.mx\/index.php\/wp-json\/wp\/v2\/media?parent=1135"}],"wp:term":[{"taxonomy":"product_cat","embeddable":true,"href":"https:\/\/comercializadoramax.com.mx\/index.php\/wp-json\/wp\/v2\/product_cat?post=1135"},{"taxonomy":"product_tag","embeddable":true,"href":"https:\/\/comercializadoramax.com.mx\/index.php\/wp-json\/wp\/v2\/product_tag?post=1135"}],"curies":[{"name":"wp","href":"https:\/\/api.w.org\/{rel}","templated":true}]}}