{"id":1254,"date":"2025-01-28T02:53:17","date_gmt":"2025-01-28T01:53:17","guid":{"rendered":"https:\/\/comercializadoramax.com.mx\/?post_type=product&#038;p=1254"},"modified":"2025-01-28T02:53:17","modified_gmt":"2025-01-28T01:53:17","slug":"mr-musculo-regadera-ducha","status":"publish","type":"product","link":"https:\/\/comercializadoramax.com.mx\/index.php\/producto\/mr-musculo-regadera-ducha\/","title":{"rendered":"Mr. Musculo Regadera \/ Ducha"},"content":{"rendered":"<p>Mr M\u00fasculo Regadera \/ Ducha es un limpiador de duchas para uso diario que ayuda evitar la acumulaci\u00f3n de sedimento, residuos de jab\u00f3n y mugre. Roc\u00eda el limpiador y eso es todo, para que puedas limpiar menos y disfrutar m\u00e1s.<\/p>\n<ul>\n<li>Evita la acumulaci\u00f3n de sedimento en la ducha<\/li>\n<li>Evita que se acumulen residuos de jab\u00f3n y mugre con eficacia<\/li>\n<\/ul>\n<p>Deja la regadera brillando de limpia<\/p>\n","protected":false},"excerpt":{"rendered":"<p>Mr M\u00fasculo Regadera \/ Ducha es un limpiador de duchas para uso diario que ayuda evitar la acumulaci\u00f3n de sedimento, residuos de jab\u00f3n y mugre. Roc\u00eda el limpiador y eso es todo, para que puedas limpiar menos y disfrutar m\u00e1s.<\/p>\n<ul>\n<li>Evita la acumulaci\u00f3n de sedimento en la ducha<\/li>\n<li>Evita que se acumulen residuos de jab\u00f3n y mugre con eficacia<\/li>\n<\/ul>\n<p>Deja la regadera brillando de limpia<\/p>\n","protected":false},"featured_media":1251,"comment_status":"open","ping_status":"closed","template":"","meta":{"om_disable_all_campaigns":false,"_monsterinsights_skip_tracking":false,"_monsterinsights_sitenote_active":false,"_monsterinsights_sitenote_note":"","_monsterinsights_sitenote_category":0,"_uf_show_specific_survey":0,"_uf_disable_surveys":false,"_joinchat":[]},"product_cat":[61,143],"product_tag":[234,233,134,230],"aioseo_notices":[],"_links":{"self":[{"href":"https:\/\/comercializadoramax.com.mx\/index.php\/wp-json\/wp\/v2\/product\/1254"}],"collection":[{"href":"https:\/\/comercializadoramax.com.mx\/index.php\/wp-json\/wp\/v2\/product"}],"about":[{"href":"https:\/\/comercializadoramax.com.mx\/index.php\/wp-json\/wp\/v2\/types\/product"}],"replies":[{"embeddable":true,"href":"https:\/\/comercializadoramax.com.mx\/index.php\/wp-json\/wp\/v2\/comments?post=1254"}],"wp:featuredmedia":[{"embeddable":true,"href":"https:\/\/comercializadoramax.com.mx\/index.php\/wp-json\/wp\/v2\/media\/1251"}],"wp:attachment":[{"href":"https:\/\/comercializadoramax.com.mx\/index.php\/wp-json\/wp\/v2\/media?parent=1254"}],"wp:term":[{"taxonomy":"product_cat","embeddable":true,"href":"https:\/\/comercializadoramax.com.mx\/index.php\/wp-json\/wp\/v2\/product_cat?post=1254"},{"taxonomy":"product_tag","embeddable":true,"href":"https:\/\/comercializadoramax.com.mx\/index.php\/wp-json\/wp\/v2\/product_tag?post=1254"}],"curies":[{"name":"wp","href":"https:\/\/api.w.org\/{rel}","templated":true}]}}