{"id":859,"date":"2023-10-16T20:09:31","date_gmt":"2023-10-16T18:09:31","guid":{"rendered":"https:\/\/comercializadoramax.com.mx\/?post_type=product&#038;p=859"},"modified":"2023-10-16T20:09:31","modified_gmt":"2023-10-16T18:09:31","slug":"prelavador-con-agua-oxigenada-1-lt","status":"publish","type":"product","link":"https:\/\/comercializadoramax.com.mx\/index.php\/producto\/prelavador-con-agua-oxigenada-1-lt\/","title":{"rendered":"Prelavador con Agua Oxigenada 1 Lt."},"content":{"rendered":"","protected":false},"excerpt":{"rendered":"<p>Este producto es un excelente quitamanchas para la ropa blanca y de color ya sea de algod\u00f3n o fibras sint\u00e9ticas como el polyester. Se puede utilizar para remover manchas espec\u00edficas o bien para lograr que toda su ropa quede m\u00e1s limpia.<\/p>\n","protected":false},"featured_media":871,"comment_status":"open","ping_status":"closed","template":"","meta":{"om_disable_all_campaigns":false,"_monsterinsights_skip_tracking":false,"_monsterinsights_sitenote_active":false,"_monsterinsights_sitenote_note":"","_monsterinsights_sitenote_category":0,"_uf_show_specific_survey":0,"_uf_disable_surveys":false,"_joinchat":[]},"product_cat":[61,67],"product_tag":[97,95,96],"aioseo_notices":[],"_links":{"self":[{"href":"https:\/\/comercializadoramax.com.mx\/index.php\/wp-json\/wp\/v2\/product\/859"}],"collection":[{"href":"https:\/\/comercializadoramax.com.mx\/index.php\/wp-json\/wp\/v2\/product"}],"about":[{"href":"https:\/\/comercializadoramax.com.mx\/index.php\/wp-json\/wp\/v2\/types\/product"}],"replies":[{"embeddable":true,"href":"https:\/\/comercializadoramax.com.mx\/index.php\/wp-json\/wp\/v2\/comments?post=859"}],"wp:featuredmedia":[{"embeddable":true,"href":"https:\/\/comercializadoramax.com.mx\/index.php\/wp-json\/wp\/v2\/media\/871"}],"wp:attachment":[{"href":"https:\/\/comercializadoramax.com.mx\/index.php\/wp-json\/wp\/v2\/media?parent=859"}],"wp:term":[{"taxonomy":"product_cat","embeddable":true,"href":"https:\/\/comercializadoramax.com.mx\/index.php\/wp-json\/wp\/v2\/product_cat?post=859"},{"taxonomy":"product_tag","embeddable":true,"href":"https:\/\/comercializadoramax.com.mx\/index.php\/wp-json\/wp\/v2\/product_tag?post=859"}],"curies":[{"name":"wp","href":"https:\/\/api.w.org\/{rel}","templated":true}]}}